t of u?
3
Let a(l) = -9*l + 13. What is the tens digit of a(-5)?
5
Suppose -8 = -2*y - 0*y. What is the units digit of 11 - y/((-4)/(-3))?
8
Let g(k) = k + 9. Let c be g(-6). Suppose -2*j + 36 = -5*b, -c*j + b = -0*b - 28. What is the units digit of j?
8
Let k be 1*4 + -3 + 3. Let r(g) = g**2 - 5*g + 1. Let c be r(k). What is the units digit of 18/c*(-3)/3?
6
Let x(d) = -d**2 - 4*d. Let z be x(-4). Suppose z*k + 4*k + 12 = 0. What is the units digit of 13/3 - k/(-9)?
4
Let h(o) = -3*o - 10. Let i be h(-6). Let d = i - -5. What is the tens digit of d?
1
Suppose -5*s + d = -52, -2*d = -4*s + 2*d + 48. What is the tens digit of s?
1
Let b(z) = -z**2 + 4*z - 1. Let o be (-46)/(-14) + 2/(-7). Let w be b(o). What is the units digit of -1*w/4*-22?
1
Let h(k) = k**2 - 2*k + 8. What is the units digit of h(6)?
2
What is the units digit of (-6)/((-1)/(-9)*-2)?
7
Let n(o) = o**2 + 4*o + 7. Suppose -u = -3*y + 4*y + 3, -3*u - 25 = -5*y. Suppose p - 5 = y*p. What is the units digit of n(p)?
2
Suppose -7*p = -2*p - 155. What is the units digit of p?
1
Suppose 3*q - 19 + 7 = 0. What is the units digit of q?
4
Let f = 5 + -1. Let m = f + 0. What is the units digit of (m*-1 - 0)/(-2)?
2
Let w = -94 - -97. What is the units digit of w?
3
Let d(v) = -v**3 + v**2 - v - 1. Let n(w) = 5*w**3 - 17*w**2 + 17*w - 6. Let g(k) = 4*d(k) + n(k). Suppose 24 = -3*y + 5*y. What is the units digit of g(y)?
2
Let k(m) = -m**3 + m**2 - 2*m + 47. What is the units digit of k(0)?
7
Let f(s) = s**3 - 3*s**2 + 2*s + 11. What is the units digit of f(4)?
5
Let n(k) = k. Let f be n(-3). Let y = f - -7. What is the units digit of y?
4
What is the units digit of (276/(-60))/(1/(-5))?
3
What is the tens digit of (-1)/2 + (-190)/(-4)?
4
Let m be 58/7 + 16/(-56). Suppose m*t - 95 = 3*t. What is the units digit of t?
9
Let g = -1 + 7. Let f(j) be the third derivative of j**5/60 - j**4/4 + j**3/2 + 13*j**2. What is the units digit of f(g)?
3
Let z be 62*(3/(-1))/6. Let d = 46 + z. What is the tens digit of d?
1
Suppose p + 4 = -1. Let h = p - -16. What is the units digit of h?
1
Suppose 4*v + 5*d = 84, 44 = 5*v - 2*v - d. What is the tens digit of v?
1
Let j be (-21)/(-9) - 1/3. Let b(s) = 3*s**2 + 4*s - 3. What is the tens digit of b(j)?
1
Suppose 5*u = 4*m - 59, 4*m + 18 = -u - u. Let x = -8 - u. Suppose k = 14 + x. What is the tens digit of k?
1
Let i(h) = h**2 + 6*h - 3. Let w be i(-7). Suppose 0 = -w*q - 1 + 41. What is the units digit of (2 + 2)*q/4?
0
Let q(j) = -j**2 + 4*j - 4. Let h be q(3). What is the units digit of h*(-1 + -22) + -2?
1
What is the hundreds digit of (-8118)/(-39) - (0 - 6/(-39))?
2
Let o(s) = -s + 1. Let p be o(7). Let g = 8 + p. Suppose g*u = -u + 3. What is the units digit of u?
1
Let d = -13 - -10. What is the units digit of (d/9)/((-4)/84)?
7
Suppose 3*l + 0 - 3 = 0. What is the units digit of l?
1
Let y(w) = w - 1. Let b be y(0). What is the tens digit of 26*b/(-2) - -2?
1
Let f = 6 - -6. Suppose h = -z + 7 + 2, -4*z = -2*h - f. What is the units digit of z?
5
Suppose 5*d = -1 + 11. Let n(j) = -2*j**2 - d + j**3 + 6*j - 2*j + 0*j. What is the units digit of n(2)?
6
Let r(a) = -1. Let v(f) = -8*f**3 - f**2 + 5. Let s(m) = 5*r(m) + v(m). What is the units digit of s(-1)?
7
Suppose -3*f + 6*j = j + 1, -3*j = 2*f - 12. Let c be -1 + f + (-1)/1. What is the units digit of 4/10*c*5?
2
What is the units digit of -2*3*(-184)/12?
2
Suppose 3*m - 2*m + 6 = 0. Let w be (32/m)/(-4)*-3. Let p = w + 17. What is the tens digit of p?
1
Let g = 172 + -118. Let o be ((-4)/(-6))/(2/g). Suppose 0 = -3*y + w - 5*w + 4, -2*y + 5*w = -o. What is the units digit of y?
4
What is the tens digit of (-20)/50 + (-1764)/(-10)?
7
Suppose 0 = -21*t + 4*t + 1819. What is the tens digit of t?
0
Let d(s) = s**3 - 8*s**2 + s - 5. Let n be d(8). Suppose -65 - 4 = -n*l. What is the units digit of l?
3
Let c(l) be the second derivative of l**5/20 - l**3/6 + 5*l**2 - 2*l. Suppose -n = -6*b + 3*b, 0 = 4*n - 3*b. What is the units digit of c(n)?
0
Let u(i) = i**3 - 5*i**2 - 5*i - 2. Suppose -4*s = 2*k - 56, -s + k + 10 = 2. Let j = 18 - s. What is the units digit of u(j)?
4
Suppose 2*z = 5*c + 39, 5*c = -3*z + c + 24. Suppose 4*j = -0*j + z. Suppose -j*r = -21 - 3. What is the units digit of r?
8
Suppose -2*j + 4*j - 84 = 0. Let i be (-12)/j + 30/7. Suppose -i*k - 4 = -16. What is the units digit of k?
3
Suppose t - 3*v = -3*t + 223, 3*t = 3*v + 171. What is the units digit of t?
2
Suppose 3*k - 23 = 3*b + 2*k, -2*b + 3*k - 27 = 0. Let u(t) be the second derivative of -t**5/20 - t**4/2 + 4*t**2 + 8*t. What is the units digit of u(b)?
8
What is the tens digit of 2/10*328 - 2/(-5)?
6
Let t(a) = a**3 + a**2 + a + 13. Let y = 1 + 0. Let k be (1 - 1) + y - 1. What is the units digit of t(k)?
3
Suppose -5*z + 16 = -z. Let q = -1 + z. Let b = 5 + q. What is the units digit of b?
8
Let u(m) = -2*m - 15 + 6*m + 12 + 4. Suppose -2*s + 3 = -s. What is the tens digit of u(s)?
1
Let y(u) = u**3 + 9*u**2 + 13. What is the tens digit of y(-9)?
1
Let q(c) = -c + 1. Let b be 6 + -5 + (1 - 0). Let n be ((-6)/(-8))/(b/(-8)). What is the units digit of q(n)?
4
Let k(c) = 5*c + 42. What is the tens digit of k(25)?
6
Let k = 12 + 0. Let d = k - 2. What is the units digit of d?
0
Let v(j) = -j**2 - 3*j + 3. Let z be v(-4). Let o(r) = r**2 + r + 1. Let b be o(z). Let a(n) = 10*n**3 - 1. What is the units digit of a(b)?
9
Let m(d) = -1. Let s(u) = -u - 14. Let v(z) = 5*m(z) - s(z). Let w be v(-7). Let x = -1 + w. What is the units digit of x?
1
Let a(m) = -m**3 + 7*m**2 + 5*m - 5. Let d(n) = n**2 + n - 1. Let i(r) = -a(r) + 5*d(r). Let u be 9/6*-1*-2. What is the units digit of i(u)?
9
Suppose 0*i - 4*i = -24. Suppose -i = -4*n + 6. What is the units digit of n?
3
Suppose 0*w + 4*w + 12 = 0. Let i be (w - -13)*(-1)/(-2). Suppose 4*l + 10 + 30 = 3*z, 28 = i*z + 3*l. What is the units digit of z?
8
Let a = 59 + 6. Suppose 5*i = -0*i + a. What is the tens digit of i?
1
Suppose 0 = s - 7*s + 138. Suppose -95 = -2*f + s. What is the tens digit of f?
5
Suppose 8*g = 5*g + 24. Suppose -j = 1, 0 = -4*k - 3*j + 25 - g. What is the units digit of k?
5
What is the tens digit of (-1 - -3)*(-2 - -104 - 4)?
9
Let v = 2 - 0. Suppose -5*l + 2*k = -24, -1 - 3 = -2*l - v*k. What is the units digit of l?
4
Suppose -4*a + w + w = 2, 0 = 5*a - 2*w + 1. Let x be -3 + 1 + (-2)/a. Let z = 5 - x. What is the units digit of z?
9
Suppose -4*g = -2*m + 6, -4*m + 5*g + 21 = 6. Suppose u + 12 = m*u. Suppose -17 = -j - 5*h, u*h + 3 = 6. What is the tens digit of j?
1
Let u be (1/2)/((-1)/14). Let t = 1 - u. Let n = t + -6. What is the units digit of n?
2
Let c be (-4)/10 - 276/(-15). Let y be c/8 - (-1)/(-4). Suppose -7*x = -y*x - 5. What is the units digit of x?
1
Let k(v) = 1 + v**3 - 1 + 2 - 3*v**2 + v + v**2. What is the tens digit of k(3)?
1
Let y(q) = q**3 + 6*q**2 + 7*q + 4. Suppose 2*u + 11 = 1. Let a be y(u). What is the units digit of (3/a)/((-1)/6)?
3
Let y(n) = n**2 + n - 3. Let s be y(-3). Suppose -s*h + 85 = 2*h. What is the tens digit of h?
1
Let o(n) = -n**3 - 10*n**2 + 9*n + 8. Let w be o(-11). Suppose 0*l + l = w. What is the tens digit of l?
3
Let v(q) = 16*q**3 - 1. Let j be v(1). What is the units digit of -6*(j/(-2) + 0)?
5
Let d(k) = -1 + 3 + k + 1. Let h be d(0). What is the units digit of ((2*6)/h)/1?
4
Suppose -41*r + 306 = -40*r. What is the tens digit of r?
0
Let y(m) be the third derivative of m**5/60 - m**4/4 + m**3/6 + 4*m**2. Let z be 15*((-6)/10 - -1). What is the units digit of y(z)?
1
Suppose 4*h + 2*a - 150 = -a, 5*h + 3*a = 189. What is the units digit of h?
9
Let i = 8 + -6. Let c(k) = k**2 - 3*k**i + 2 + 2*k + 0*k + 3*k**2. What is the units digit of c(-3)?
5
Let q(j) = -2*j - 2 + 3*j + 0 - 4. Let k be 2*1/(-2)*-7. What is the units digit of q(k)?
1
Let l = -235 - -403. What is the tens digit of l?
6
What is the tens digit of 2*(-39)/12*-2?
1
Let q = 49 - 25. Suppose -3*u - 33 = -2*l, -6*u + 2*u = -l + q. What is the tens digit of l?
1
Let z = 6 + -14. What is the units digit of 15 + 2*4/z?
4
Let m be 5/3*(-3)/(-1). Suppose -2*i + 12 = -3*i + m*h, 3*i + 8 = h. Let t(p) = -p**3 - 2*p**2 - 2*p - 1. What is the units digit of t(i)?
3
What is the units digit of 12*(513/(-12))/(-9)?
7
Let v be (-3)/9 - 26/(-6). Let x